7 - p) + 2?
1
Suppose -3*t + 3363 = -5*q, -2210 = -4*t - q + 2251. What is the hundreds digit of t?
1
Let v = 72798 - 51701. What is the hundreds digit of v?
0
Suppose -146 = -a + 4*b, -5*b = -16*a + 14*a + 292. Let t = a - -884. What is the hundreds digit of t?
0
Suppose 8453 = a + 3*n - 4036, 5*n - 20 = 0. What is the units digit of a?
7
Suppose 4*q + 4*g = 52, -2*q + 6*q - 28 = 4*g. Let k be (-70)/4*(-8)/q. Let b = k + 1. What is the tens digit of b?
1
What is the units digit of -3 + 25445 + 0 + 1617/147?
3
What is the hundreds digit of (2/(-3))/(77034/(-7002) - -11)?
3
Suppose 3*i = -386*x + 385*x + 84116, -5*i + 5*x + 140240 = 0. What is the tens digit of i?
4
Suppose 559 = -7*l + 72624. Suppose 16*x - l = -1911. What is the units digit of x?
4
Let d(n) = -40 + 25*n + 23*n + 23*n - 67*n. Let f be d(11). Let j(b) = 8*b**2 + 9*b - 14. What is the tens digit of j(f)?
5
Let m be -2 - 200 - (-8 + 7 - -4). Let c = -118 - m. What is the units digit of c?
7
Let q be 2*11*(-7)/(-14). Suppose q + 4 = -3*d, 2*p - 27 = 3*d. Suppose -14*o + 1328 = -p*o. What is the units digit of o?
6
Let k be 2/4*3*(-360)/(-54). Suppose 5*v - 8*t - 470 = -3*t, k = -5*t. What is the tens digit of v?
9
Let w(h) = -9*h**2 - 4*h - 15. Let z(b) = -9*b**2 - 5*b - 15. Let d(u) = -2*w(u) + 3*z(u). Let c be d(-5). Let x = 365 + c. What is the units digit of x?
0
Suppose 15*x - 13*x = 2592. Suppose -m - x = -5*m. What is the units digit of m?
4
Let g(q) = 229*q**2 + 168*q + 675. What is the hundreds digit of g(-4)?
6
Let i = 17180 + -8643. What is the thousands digit of i?
8
Let k be (-40)/(-60) - (-26)/6. Suppose -z = 5*o + 11, -z - k = 4*z. What is the units digit of 4 + o + -1 + 8?
9
Let u(m) = m**2 + 16*m - 32. Let v be u(-18). Suppose v*s - j + 393 = 5*s, -4*j = 12. What is the units digit of s?
6
What is the units digit of (-19)/((-133)/89922) - -9?
5
Let a(g) = -14*g**2 - 20*g - 8. Let w(p) = -5*p**2 - 7*p - 3. Let t(n) = -4*a(n) + 11*w(n). Let x be t(2). What is the tens digit of 3*(-3)/x + 140/2?
6
Let j = 612 + -1521. Let v = j - -2253. Suppose 0 = -9*m + m + v. What is the hundreds digit of m?
1
Suppose -67 = o - 0*o - 3*c, -4*o + c = 290. Let t = 1856 - 1899. Let f = t - o. What is the units digit of f?
0
Let i(p) = -2*p**2 + 9*p - 9. Let j be i(4). Let c = 0 - j. What is the tens digit of c*-3*35/(-15)?
3
Suppose -12 = -8*j + 12. Suppose j = -4*y - 49. What is the tens digit of (y/2)/((-2)/304*4)?
4
Suppose -36*x - 12281 = -39*x - 4*h, 3*x = -h + 12284. What is the tens digit of x?
9
Let m(d) = 2*d**2 - 27*d + 7766. What is the thousands digit of m(0)?
7
Let n = 65566 - 33389. What is the thousands digit of n?
2
Let y(m) be the second derivative of m**5/10 + m**4/12 - 7*m**3/6 + 7*m**2 + 6*m. What is the tens digit of y(2)?
2
What is the thousands digit of (409051/(-133))/(8/(-56))?
1
Let o = 6968 - 1813. What is the units digit of o?
5
Let c = 85537 - 49205. What is the hundreds digit of c?
3
Let f = 172 - 168. What is the hundreds digit of ((-102)/f)/(-17)*584?
8
Let u(a) = 2*a**2 - 38 - a - 5 + 50. Let r(f) = -f + 1. Let y be r(5). What is the units digit of u(y)?
3
Suppose -18 = -8*k + 174. Let y be ((-7)/((-7)/4))/(1/k). Let b = -61 + y. What is the units digit of b?
5
Let v = 1210 + 490. What is the tens digit of v?
0
Let r(i) = 4392*i**3 - i**2 - 4*i + 3. Let p be r(1). What is the thousands digit of p/4 - 61/(-122)?
1
Let t be ((-504)/(-35))/(-9)*-5. What is the tens digit of 297 + 30/20*t/(-6)?
9
Let j(x) = 394*x - 2. Let d be j(1). Suppose 3*y = 5*r + 79 - d, 2 = -2*y. What is the tens digit of r?
6
Let x be (-1)/(-6) - (-506)/(-12). Let b = -40 - x. Suppose 0 = -5*z - b*l + 1254, -2*z = 3*z - l - 1248. What is the tens digit of z?
5
Let m(a) = 5*a + 97. Let w be m(-21). Let n(s) = 2*s**2 + 7*s + 44. What is the units digit of n(w)?
6
Suppose -10*q + 29 - 9 = 0. Let b(u) = 7 + 0*u**2 + u + 1 + 0*u**q + 2*u**2. What is the units digit of b(8)?
4
Let i(p) = -p**2 + 89*p + 154. What is the hundreds digit of i(79)?
9
Let p = 552 + -394. Let c be (-2)/11 + 0 - p/(-22). What is the units digit of 20*9/c + 20/70?
6
Let m = -40015 - -68929. What is the ten thousands digit of m?
2
Let m = -15 - -1. Let u be (-8)/12 - m/3. Suppose -3*g + 359 = -u*f - 104, -3*f = -3*g + 462. What is the hundreds digit of g?
1
Let u(t) = 27*t**2 + 2*t + 19. Let m(z) = -13*z + 5. Let d be m(0). What is the tens digit of u(d)?
0
Suppose -5*p = -5*d + 3725, -3*p + d = 1743 + 494. Let n = -531 - p. What is the tens digit of ((-3)/(-5))/(2 - 429/n)?
2
Suppose -503401 - 144551 = -13*r - 35*r. What is the tens digit of r?
9
Let d be 62/(-3 + (-62)/(-22)). Let j = -141 - d. Suppose -2*t - 3*t + j = 0. What is the tens digit of t?
4
Suppose 3*p - 6714 = -5*n, -1494 = 3*p - 1503. What is the tens digit of n?
4
Let r = -99 - -953. Let u = r + -346. What is the hundreds digit of u?
5
Let v(x) = x**3 - 9*x**2. Let q be v(10). Suppose 428 = 4*m + 2*l + q, -3*m + l + 251 = 0. Suppose o - m = -0*o. What is the tens digit of o?
8
Let l(k) = 8*k**2 - 4*k - 13. Suppose -8*s + 18 = -17*s. What is the units digit of l(s)?
7
Let v = -295 + 293. What is the hundreds digit of (v/8)/(9/(-8388))?
2
What is the hundreds digit of (2452/1 - 1) + (197 - 196)?
4
Let s(i) = i**3 - 2*i + 80. Let g be ((-18)/(-15))/(9/60). Let w be g/4 - (-1 + 3). What is the units digit of s(w)?
0
What is the tens digit of (-32)/(-12) - 779920/(-48)?
5
Let c = -2871 - -2852. Suppose 3*h - 13 = -0*u - u, -5*h - 2*u = -22. What is the tens digit of c/(h + 18/(-4))?
3
Suppose -5*d - 2*l + 1596 = l, 0 = -4*d - 4*l + 1280. Let i = d + 7. What is the units digit of i?
5
Let n(h) = -h**3 - 6*h**2 - 6*h - 16. Let s be n(-8). Suppose 0*r - r - 3*v = -s, 0 = 3*v. What is the hundreds digit of r?
1
Suppose 2*y = 2*i - 6553 - 5603, -2*i = 3*y - 12141. What is the tens digit of i?
7
Suppose -4*m - 2*y - 11 = -m, 2*y = 2*m + 4. What is the hundreds digit of (392/m)/1*(-210)/20?
3
Let d = -18 - -20. Let q be 72/(-4) - (5 - d). What is the tens digit of (-1755)/q + (-3)/(-7)?
8
Let k(f) = -402*f - 8. Let p be k(-1). Let a = -117 + p. What is the tens digit of a?
7
Let k be -2*(-9)/(-15)*(-30)/6. Suppose 0 = -w + k*w - z - 421, 4*w + 3*z - 333 = 0. What is the units digit of w?
4
Suppose 0 = 2*i - 10, -8 - 6 = 2*v - 4*i. Let w(m) = -m - 1. Let f(y) = -9. Let l(c) = v*w(c) - f(c). What is the tens digit of l(-6)?
2
Let v(t) = 17*t**2 - 7*t - 1. Let x be v(-9). What is the tens digit of x*5/10*2?
3
Suppose 2*l - 65 = -5*a, -a + 4*l = 4*a - 35. Let p be (-3 - a)/((-2)/36). Suppose -6*s + p = -3*s. What is the units digit of s?
4
Let s(q) = 4*q - 86. Let w be s(23). Suppose -w*t = 4*t - 7140. What is the hundreds digit of t?
7
Let l(t) be the second derivative of -t**4/4 - t**3/3 + 3*t**2 - 10*t. Let j be l(6). What is the tens digit of (j + 3 - 2)*-1?
1
Let a(w) = -112*w**3 - 2*w**2 - 1. What is the units digit of a(-2)?
7
Let v(a) = -a**3 + 32*a**2 - 61*a + 55. Let h be v(30). Let u(k) be the second derivative of k**3/2 - 41*k**2/2 - 2*k. What is the units digit of u(h)?
4
Suppose -14*o + 47 + 9 = 0. Let n(k) = k - 2. Let q be n(2). Suppose o*d + d + 130 = 5*r, 4*r + d - 79 = q. What is the units digit of r?
1
Suppose 220*z - j + 50135 = 222*z, 3*z - 5*j = 75183. What is the hundreds digit of z?
0
Let y(h) = -7*h - 17. Let g(w) = -w. Let k(z) = 3*g(z) - y(z). Let d(f) = f**3 - 8*f**2 + 8*f + 2. Let x be d(7). What is the tens digit of k(x)?
5
Let m(k) = 2*k**3 - 44*k**2 + 54*k - 449. What is the ten thousands digit of m(39)?
5
Let x(u) = 24*u**2 + 222*u - 12. Let y be x(-22). Suppose 17*o - 16349 = y. What is the thousands digit of o?
1
Suppose -15*u + 66476 = 5726. What is the tens digit of u?
5
Let f = -345 + 443. Suppose o + 48 = 9. Let t = o + f. What is the tens digit of t?
5
Let b be 209 - (-1*15)/5. Let m be b/44 - (-3 + (-93)/(-33)). Suppose 5*s - 6*s = m*w - 750, 154 = w + s. What is the units digit of w?
9
Suppose -6*k + 8*k + v + 30 = 0, k + 3*v = -10. What is the tens digit of (-396)/20*(2 - (1 - k))?
9
Let k(t) be the third derivative of -t**5/120 + t**4/24 - t**3/2 - 14*t**2. Let z(s) be the first derivative of k(s). What is the units digit of z(-7)?
8
Suppose o = 6*o - 45. Suppose -5*y = u + 100, -13*u = -8*u. Let w = o - y. What 